6?
4
What is the units digit of 94845537?
7
What is the ten thousands digit of 357707036?
0
What is the ten thousands digit of 68496981?
9
What is the ten millions digit of 70196168?
7
What is the ten thousands digit of 12854076?
5
What is the thousands digit of 55500247?
0
What is the units digit of 80812418?
8
What is the thousands digit of 262626601?
6
What is the thousands digit of 34152078?
2
What is the millions digit of 165731706?
5
What is the hundreds digit of 126776265?
2
What is the ten thousands digit of 1536731498?
3
What is the ten thousands digit of 2230083153?
8
What is the hundreds digit of 13866041?
0
What is the units digit of 872092032?
2
What is the thousands digit of 1097310775?
0
What is the hundred thousands digit of 137701031?
7
What is the tens digit of 5712020011?
1
What is the thousands digit of 18777079?
7
What is the tens digit of 1526339459?
5
What is the millions digit of 102607176?
2
What is the ten millions digit of 85130726?
8
What is the millions digit of 500687676?
0
What is the tens digit of 209212164?
6
What is the ten thousands digit of 91293363?
9
What is the millions digit of 8764080270?
4
What is the ten thousands digit of 217676667?
7
What is the hundreds digit of 160609423?
4
What is the units digit of 136097447?
7
What is the hundred thousands digit of 667896180?
8
What is the ten thousands digit of 270893182?
9
What is the ten thousands digit of 96009391?
0
What is the hundred thousands digit of 1093327037?
3
What is the ten thousands digit of 439236124?
3
What is the ten thousands digit of 141212240?
1
What is the tens digit of 34544326?
2
What is the hundreds digit of 308318910?
9
What is the units digit of 323783692?
2
What is the ten millions digit of 16312403?
1
What is the units digit of 17802251?
1
What is the ten millions digit of 1417315019?
1
What is the units digit of 624521237?
7
What is the hundred thousands digit of 157285983?
2
What is the ten millions digit of 1155280665?
5
What is the millions digit of 2506136844?
6
What is the hundred millions digit of 2628257095?
6
What is the thousands digit of 135540420?
0
What is the ten millions digit of 521634771?
2
What is the thousands digit of 35173729?
3
What is the units digit of 55577888?
8
What is the tens digit of 1152744926?
2
What is the hundreds digit of 25645723?
7
What is the thousands digit of 381702879?
2
What is the ten thousands digit of 98631874?
3
What is the units digit of 58494105?
5
What is the ten millions digit of 8355134799?
5
What is the hundred millions digit of 1565029406?
5
What is the thousands digit of 555387635?
7
What is the hundred thousands digit of 376311344?
3
What is the thousands digit of 517900818?
0
What is the millions digit of 221912802?
1
What is the hundred thousands digit of 251172832?
1
What is the hundred millions digit of 259631887?
2
What is the hundred thousands digit of 4577345700?
3
What is the ten millions digit of 51283495?
5
What is the millions digit of 5925571?
5
What is the millions digit of 116916485?
6
What is the thousands digit of 38014330?
4
What is the hundred millions digit of 155359922?
1
What is the tens digit of 3234673739?
3
What is the thousands digit of 6460829?
0
What is the hundred thousands digit of 412808023?
8
What is the ten thousands digit of 21187918?
8
What is the millions digit of 27171449?
7
What is the ten millions digit of 43171584?
4
What is the billions digit of 2136018247?
2
What is the ten millions digit of 1386188762?
8
What is the thousands digit of 2646290?
6
What is the ten millions digit of 36041345?
3
What is the millions digit of 55574046?
5
What is the hundred thousands digit of 17584852?
5
What is the units digit of 4717701666?
6
What is the units digit of 46968992?
2
What is the millions digit of 1341637850?
1
What is the ten thousands digit of 1945204916?
0
What is the thousands digit of 2996516021?
6
What is the millions digit of 668443755?
8
What is the hundred thousands digit of 92225107?
2
What is the hundred thousands digit of 51466769?
4
What is the thousands digit of 3129983980?
3
What is the thousands digit of 2708680448?
0
What is the ten millions digit of 30111781?
3
What is the hundred thousands digit of 137097171?
0
What is the ten thousands digit of 13321774?
2
What is the ten millions digit of 135551776?
3
What is the millions digit of 412721237?
2
What is the ten thousands digit of 465926628?
2
What is the hundred millions digit of 768064062?
7
What is the hundreds digit of 725861973?
9
What is the hundred millions digit of 501317786?
5
What is the hundreds digit of 515816671?
6
What is the hundreds digit of 2448251750?
7
What is the hundred millions digit of 162126226?
1
What is the ten millions digit of 38962542?
3
What is the units digit of 3460379479?
9
What is the ten millions digit of 156374272?
5
What is the hundred millions digit of 610375949?
6
What is the ten thousands digit of 16010887?
1
What is the thousands digit of 2101503399?
3
What is the hundreds digit of 1852817998?
9
What is the billions digit of 3352390038?
3
What is the billions digit of 3337468446?
3
What is the hundred millions digit of 1530996854?
5
What is the hundred millions digit of 1675242042?
6
What is the millions digit of 24158596?
4
What is the hundred millions digit of 1131618240?
1
What is the tens digit of 18255200?
0
What is the ten millions digit of 601883391?
0
What is the ten millions digit of 231141215?
3
What is the ten thousands digit of 692433527?
3
What is the ten thousands digit of 218425930?
2
What is the hundred millions digit of 416833223?
4
What is the hundreds digit of 57236141?
1
What is the hundred millions digit of 147681344?
1
What is the thousands digit of 2385032340?
2
What is the millions digit of 22378566?
2
What is the millions digit of 21871001?
1
What is the tens digit of 7719067292?
9
What is the hundreds digit of 554235395?
3
What is the ten millions digit of 963086084?
6
What is the tens digit of 53570680?
8
What is the units digit of 183753726?
6
What is the tens digit of 16284518?
1
What is the tens digit of 222962136?
3
What is the thousands digit of 339306366?
6
What is the tens digit of 232830299?
9
What is the millions digit of 87578365?
7
What is the hundreds digit of 25888784?
7
What is the ten thousands digit of 11767007?
6
What is the ten millions digit of 42117072?
4
What is the millions digit of 12670166?
2
What is the thousands digit of 29546029?
6
What is the hundred millions digit of 402494646?
4
What is the ten thousands digit of 1904593767?
9
What is the tens digit of 5803742?
4
What is the tens digit of 10070026?
2
What is the hundred thousands digit of 62462980?
4
What is the hundred thousands digit of 38036983?
0
What is the ten millions digit of 94921658?
9
What is the ten thousands digit of 5434024771?
2
What is the units digit of 489118259?
9
What is the units digit of 5319387039?
9
What is the hundred thousands digit of 178142405?
1
What is the tens digit of 2382893101?
0
What is the ten thousands digit of 1911034565?
3
What is the billions digit of 2316207716?
2
What is the tens digit of 217258193?
9
What is the tens digit of 292876796?
9
What is the thousands digit of 734322257?
2
What is the billions digit of 4125332773?
4
What is the thousands digit of 316397097?
7
What is the millions digit of 88168604?
8
What is the ten millions digit of 67036126?
6
What is the hundreds digit of 118654474?
4
What is the billions digit of 2425636722?
2
What is the hundreds digit of 2345615585?
5
What is the hundreds digit of 102642399?
3
What is the ten millions digit of 23587947?
2
What is the ten millions digit of 222216308?
2
What is the thousands digit of 131743957?
3
What is the tens digit of 403143938?
3
What is the hundred thousands digit of 1688575935?
5
What is the hundred millions digit of 201145633?
2
What is the units digit of 1308208404?
4
What is the millions digit of 982422987?
2
What is the tens digit of 367397199?
9
What is the ten thousands digit of 265668710?
6
What is the ten thousands digit of 83079936?
7
What is the ten thousands digit of 125661236?
6
What is the tens digit of 4862265374?
7
What is the hundred millions digit of 4314281544?
3
What is the hundreds digit of 311